{"id":1878,"date":"2024-06-18T13:26:37","date_gmt":"2024-06-18T11:26:37","guid":{"rendered":"https:\/\/wanicki.pl\/monosem\/?page_id=1878"},"modified":"2025-06-30T12:46:08","modified_gmt":"2025-06-30T10:46:08","slug":"o-nas","status":"publish","type":"page","link":"https:\/\/dev.wanicki.pl\/monosem\/o-nas\/","title":{"rendered":"O nas"},"content":{"rendered":"<div class=\"wp-block-wanicki-page-hero-header page-hero-header\">\n    <div class=\"page-hero-header__image page-hero-header__image--desktop\"\n          style=\"background-image: url(https:\/\/dev.wanicki.pl\/monosem\/wp-content\/uploads\/sites\/19\/2024\/06\/ValoTerra_Multislide-2-scaled.jpg)\" ><\/div>\n    <div class=\"page-hero-header__image page-hero-header__image--mobile\"\n          style=\"background-image: url(https:\/\/dev.wanicki.pl\/monosem\/wp-content\/uploads\/sites\/19\/2024\/06\/ValoTerra_Multislide-2-scaled.jpg)\"\n            >\n    <\/div>\n    <div class=\"page-hero-header__container container\">\n        <h1 class=\"page-hero-header__title\"><strong>ZAUFANY PARTNER ROLNIK\u00d3W<\/strong><\/h1>\n                    <div class=\"page-hero-header__subtitle\"><p data-sourcepos=\"5:1-5:35\">Od ponad 8 lat wspieramy rolnik\u00f3w, oferuj\u0105c im niezawodne wsparcie i najwy\u017cszej jako\u015bci us\u0142ugi. Bogate do\u015bwiadczenie i wieloletnia tradycja pozwalaj\u0105 nam na zrozumienie potrzeb ka\u017cdego gospodarstwa i dostarczanie rozwi\u0105za\u0144 dostosowanych do jego specyfiki. Naszym celem jest zapewnienie Ci narz\u0119dzi i wiedzy niezb\u0119dnych do efektywnego prowadzenia nowoczesnego gospodarstwa. Stawiamy na innowacje i technologie, kt\u00f3re pomagaj\u0105 zwi\u0119ksza\u0107 wydajno\u015b\u0107, optymalizowa\u0107 koszty i dba\u0107 o \u015brodowisko naturalne.<\/p>\n<\/div>\n                    <\/div>\n<\/div>\n\n\n<div class=\"wp-block-wanicki-image-with-text image-with-text \">\n\n    <div class=\"image-with-text__image\">\n                    <div class=\"image-with-text__image-photo\"\n                 style=\"background-image: url(https:\/\/dev.wanicki.pl\/monosem\/wp-content\/uploads\/sites\/19\/2024\/06\/1085019-scaled.jpg)\"><\/div>\n            <\/div>\n\n    <div class=\"image-with-text__info  \">\n                    <div class=\"image-with-text__info-title-wrapper\">\n                <h2 class=\"image-with-text__info-title image-with-text__info-title--big\">NASZA MISJA<\/h2>\n                                    <\/div>\n                            <div class=\"image-with-text__info-text\">\n                <p><strong>Misja:<\/strong> \u201eWspieramy sukces polskich rolnik\u00f3w, dostarczaj\u0105c innowacyjne rozwi\u0105zania technologiczne, profesjonalne doradztwo oraz niezawodny serwis 24\/7, buduj\u0105c trwa\u0142e partnerstwa i przyczyniaj\u0105c si\u0119 do rozwoju nowoczesnego rolnictwa w Polsce.\u201d<\/p>\n<p><strong>Wizja<\/strong>: \u201eLider w dostarczaniu kompleksowych rozwi\u0105za\u0144 dla nowoczesnego rolnictwa\u201d.<\/p>\n<p>&nbsp;<\/p>\n\n            <\/div>\n                        \n    <\/div>\n\n<\/div>\n\n\n<div class=\"wp-block-wanicki-brands-with-image brands-with-image\">\n\n    <div class=\"brands-with-image__info\">\n                    <h2 class=\"brands-with-image__info-title  brands-with-image__info-title--big \">Si\u0142a sprawdzonych marek<\/h2>\n                                    <div class=\"brands-with-image__info-text\">\n                <p data-sourcepos=\"5:1-5:271\">Jeste\u015bmy autoryzowanym dealerem marek: <strong>JOHN DEERE, KRAMER, MONOSEM, SIP, SaMASZ, BEDNAR i <span data-olk-copy-source=\"MessageBody\">Rolex Quality Farming.<\/span> <\/strong>Oferujemy szeroki wachlarz rozwi\u0105za\u0144 i us\u0142ug dla Twojego gospodarstwa. Dostosowujemy je indywidualnie do Twoich potrzeb, zapewniaj\u0105c kompleksow\u0105 obs\u0142ug\u0119 i pewno\u015b\u0107 satysfakcji.<\/p>\n\n            <\/div>\n            <\/div>\n    <div class=\"brands-with-image__image-wrapper\">\n            <div class=\"brands-with-image__image\"\n                 >\n                <div class=\"brands-with-image__grid\">\n                                                                        <a class=\"brands-with-image__item\" href=\"https:\/\/dev.wanicki.pl\/johndeere\/\">\n                                                                    <img loading=\"lazy\" decoding=\"async\" width=\"291\" height=\"210\" src=\"https:\/\/dev.wanicki.pl\/monosem\/wp-content\/uploads\/sites\/19\/2024\/06\/JD_gy_2c_RGB_v_flat.png\" class=\"brands-with-image__item-icon\" alt=\"\" \/>\n                                                            <\/a>\n                        \n                                                                        <a class=\"brands-with-image__item\" href=\"https:\/\/dev.wanicki.pl\/kramer\/\">\n                                                                    <img loading=\"lazy\" decoding=\"async\" width=\"300\" height=\"79\" src=\"https:\/\/dev.wanicki.pl\/monosem\/wp-content\/uploads\/sites\/19\/2024\/06\/Kramer_Logo_Claim_300dpi_cmyk-300x79.jpg\" class=\"brands-with-image__item-icon\" alt=\"\" srcset=\"https:\/\/dev.wanicki.pl\/monosem\/wp-content\/uploads\/sites\/19\/2024\/06\/Kramer_Logo_Claim_300dpi_cmyk-300x79.jpg 300w, https:\/\/dev.wanicki.pl\/monosem\/wp-content\/uploads\/sites\/19\/2024\/06\/Kramer_Logo_Claim_300dpi_cmyk-1024x270.jpg 1024w, https:\/\/dev.wanicki.pl\/monosem\/wp-content\/uploads\/sites\/19\/2024\/06\/Kramer_Logo_Claim_300dpi_cmyk-768x202.jpg 768w, https:\/\/dev.wanicki.pl\/monosem\/wp-content\/uploads\/sites\/19\/2024\/06\/Kramer_Logo_Claim_300dpi_cmyk-1536x405.jpg 1536w, https:\/\/dev.wanicki.pl\/monosem\/wp-content\/uploads\/sites\/19\/2024\/06\/Kramer_Logo_Claim_300dpi_cmyk-2048x540.jpg 2048w\" sizes=\"auto, (max-width: 300px) 100vw, 300px\" \/>\n                                                            <\/a>\n                        \n                                                                        <a class=\"brands-with-image__item\" href=\"https:\/\/dev.wanicki.pl\/monosem\/\">\n                                                                    <img loading=\"lazy\" decoding=\"async\" width=\"300\" height=\"39\" src=\"https:\/\/dev.wanicki.pl\/monosem\/wp-content\/uploads\/sites\/19\/2024\/06\/Logo_Monosem-300x39.png\" class=\"brands-with-image__item-icon\" alt=\"\" srcset=\"https:\/\/dev.wanicki.pl\/monosem\/wp-content\/uploads\/sites\/19\/2024\/06\/Logo_Monosem-300x39.png 300w, https:\/\/dev.wanicki.pl\/monosem\/wp-content\/uploads\/sites\/19\/2024\/06\/Logo_Monosem-1024x135.png 1024w, https:\/\/dev.wanicki.pl\/monosem\/wp-content\/uploads\/sites\/19\/2024\/06\/Logo_Monosem-768x101.png 768w, https:\/\/dev.wanicki.pl\/monosem\/wp-content\/uploads\/sites\/19\/2024\/06\/Logo_Monosem-1536x202.png 1536w, https:\/\/dev.wanicki.pl\/monosem\/wp-content\/uploads\/sites\/19\/2024\/06\/Logo_Monosem-2048x269.png 2048w\" sizes=\"auto, (max-width: 300px) 100vw, 300px\" \/>\n                                                            <\/a>\n                        \n                                                                        <a class=\"brands-with-image__item\" href=\"https:\/\/dev.wanicki.pl\/sip\/\">\n                                                                    <img loading=\"lazy\" decoding=\"async\" width=\"300\" height=\"300\" src=\"https:\/\/dev.wanicki.pl\/monosem\/wp-content\/uploads\/sites\/19\/2024\/06\/SIP-LOGO-300x300.png\" class=\"brands-with-image__item-icon\" alt=\"\" srcset=\"https:\/\/dev.wanicki.pl\/monosem\/wp-content\/uploads\/sites\/19\/2024\/06\/SIP-LOGO-300x300.png 300w, https:\/\/dev.wanicki.pl\/monosem\/wp-content\/uploads\/sites\/19\/2024\/06\/SIP-LOGO-150x150.png 150w, https:\/\/dev.wanicki.pl\/monosem\/wp-content\/uploads\/sites\/19\/2024\/06\/SIP-LOGO.png 413w\" sizes=\"auto, (max-width: 300px) 100vw, 300px\" \/>\n                                                            <\/a>\n                        \n                                                                        <a class=\"brands-with-image__item\" href=\"https:\/\/dev.wanicki.pl\/samasz\/\">\n                                                                    <img loading=\"lazy\" decoding=\"async\" width=\"300\" height=\"110\" src=\"https:\/\/dev.wanicki.pl\/monosem\/wp-content\/uploads\/sites\/19\/2024\/06\/SaMASZ-logo-komunalne-pomaranczowe-300x110.png\" class=\"brands-with-image__item-icon\" alt=\"\" srcset=\"https:\/\/dev.wanicki.pl\/monosem\/wp-content\/uploads\/sites\/19\/2024\/06\/SaMASZ-logo-komunalne-pomaranczowe-300x110.png 300w, https:\/\/dev.wanicki.pl\/monosem\/wp-content\/uploads\/sites\/19\/2024\/06\/SaMASZ-logo-komunalne-pomaranczowe-1024x375.png 1024w, https:\/\/dev.wanicki.pl\/monosem\/wp-content\/uploads\/sites\/19\/2024\/06\/SaMASZ-logo-komunalne-pomaranczowe-768x281.png 768w, https:\/\/dev.wanicki.pl\/monosem\/wp-content\/uploads\/sites\/19\/2024\/06\/SaMASZ-logo-komunalne-pomaranczowe.png 1400w\" sizes=\"auto, (max-width: 300px) 100vw, 300px\" \/>\n                                                            <\/a>\n                        \n                                                                        <div class=\"brands-with-image__item\">\n                                                                    <img loading=\"lazy\" decoding=\"async\" width=\"300\" height=\"77\" src=\"https:\/\/dev.wanicki.pl\/monosem\/wp-content\/uploads\/sites\/19\/2025\/05\/BEDNAR_logo_2019_RGB-300x77.png\" class=\"brands-with-image__item-icon\" alt=\"\" srcset=\"https:\/\/dev.wanicki.pl\/monosem\/wp-content\/uploads\/sites\/19\/2025\/05\/BEDNAR_logo_2019_RGB-300x77.png 300w, https:\/\/dev.wanicki.pl\/monosem\/wp-content\/uploads\/sites\/19\/2025\/05\/BEDNAR_logo_2019_RGB.png 662w\" sizes=\"auto, (max-width: 300px) 100vw, 300px\" \/>\n                                                            <\/div>\n                        \n                                                                        <a class=\"brands-with-image__item\" href=\"https:\/\/rol-ex.com.pl\/\">\n                                                                    <img loading=\"lazy\" decoding=\"async\" width=\"300\" height=\"212\" src=\"https:\/\/dev.wanicki.pl\/monosem\/wp-content\/uploads\/sites\/19\/2025\/06\/Logo.pion_.claim_.red_-300x212.png\" class=\"brands-with-image__item-icon\" alt=\"\" srcset=\"https:\/\/dev.wanicki.pl\/monosem\/wp-content\/uploads\/sites\/19\/2025\/06\/Logo.pion_.claim_.red_-300x212.png 300w, https:\/\/dev.wanicki.pl\/monosem\/wp-content\/uploads\/sites\/19\/2025\/06\/Logo.pion_.claim_.red_-1024x722.png 1024w, https:\/\/dev.wanicki.pl\/monosem\/wp-content\/uploads\/sites\/19\/2025\/06\/Logo.pion_.claim_.red_-768x542.png 768w, https:\/\/dev.wanicki.pl\/monosem\/wp-content\/uploads\/sites\/19\/2025\/06\/Logo.pion_.claim_.red_.png 1500w\" sizes=\"auto, (max-width: 300px) 100vw, 300px\" \/>\n                                                            <\/a>\n                        \n                                    <\/div>\n            <\/div>\n    <\/div>\n<\/div>\n\n\n\n<figure class=\"wp-block-embed is-type-video is-provider-youtube wp-block-embed-youtube wp-embed-aspect-16-9 wp-has-aspect-ratio\"><div class=\"wp-block-embed__wrapper\">\n<iframe loading=\"lazy\" title=\"Przysz\u0142o\u015b\u0107 zaczyna si\u0119 teraz! | Wanicki - Nasza w Tym Rola\" width=\"500\" height=\"281\" src=\"https:\/\/www.youtube.com\/embed\/X8qOjqXMLA8?feature=oembed\" frameborder=\"0\" allow=\"accelerometer; autoplay; clipboard-write; encrypted-media; gyroscope; picture-in-picture; web-share\" referrerpolicy=\"strict-origin-when-cross-origin\" allowfullscreen><\/iframe>\n<\/div><\/figure>\n","protected":false},"excerpt":{"rendered":"","protected":false},"author":1,"featured_media":0,"parent":0,"menu_order":0,"comment_status":"closed","ping_status":"closed","template":"","meta":{"_acf_changed":false,"footnotes":""},"class_list":["post-1878","page","type-page","status-publish","hentry"],"acf":[],"_links":{"self":[{"href":"https:\/\/dev.wanicki.pl\/monosem\/wp-json\/wp\/v2\/pages\/1878","targetHints":{"allow":["GET"]}}],"collection":[{"href":"https:\/\/dev.wanicki.pl\/monosem\/wp-json\/wp\/v2\/pages"}],"about":[{"href":"https:\/\/dev.wanicki.pl\/monosem\/wp-json\/wp\/v2\/types\/page"}],"author":[{"embeddable":true,"href":"https:\/\/dev.wanicki.pl\/monosem\/wp-json\/wp\/v2\/users\/1"}],"replies":[{"embeddable":true,"href":"https:\/\/dev.wanicki.pl\/monosem\/wp-json\/wp\/v2\/comments?post=1878"}],"version-history":[{"count":14,"href":"https:\/\/dev.wanicki.pl\/monosem\/wp-json\/wp\/v2\/pages\/1878\/revisions"}],"predecessor-version":[{"id":2223,"href":"https:\/\/dev.wanicki.pl\/monosem\/wp-json\/wp\/v2\/pages\/1878\/revisions\/2223"}],"wp:attachment":[{"href":"https:\/\/dev.wanicki.pl\/monosem\/wp-json\/wp\/v2\/media?parent=1878"}],"curies":[{"name":"wp","href":"https:\/\/api.w.org\/{rel}","templated":true}]}}